what is -132101311 + -21030?
-132123001
In base 6, what is -3224010042 + -4?
-3224010050
In base 13, what is -3b8 + -17ca7?
-18392
In base 2, what is -1 - -100110100100110110100101000?
100110100100110110100100111
In base 14, what is -4a0594 + -2?
-4a0596
In base 12, what is 2732b + -58?
27293
In base 5, what is 3341220304 + -121?
3341220133
In base 15, what is 16a3 - -669?
1d1c
In base 11, what is 25455a99 + -1?
25455a98
In base 15, what is 6c74 - 688?
65db
In base 5, what is 13 + 134340144?
134340212
In base 7, what is -5 - -514063216?
514063211
In base 4, what is 10 - -3311220012002?
3311220012012
In base 10, what is -969426 - 67?
-969493
In base 3, what is -2 - 2002111010001202?
-2002111010001211
In base 11, what is -529 - -a159?
9730
In base 12, what is 2b6613 + 52?
2b6665
In base 9, what is 54652653 - 3?
54652650
In base 13, what is -cb4a2c12 - 1?
-cb4a2c13
In base 3, what is 0 + 1111100020011?
1111100020011
In base 5, what is 4 - -10143410431?
10143410440
In base 8, what is -265 + 14215?
13730
In base 8, what is 3 + 6327530?
6327533
In base 5, what is 111110 - 311040?
-144430
In base 4, what is -203110 + 2001131?
1132021
In base 7, what is -125 - 5230051?
-5230206
In base 13, what is 2b + 37577?
375a5
In base 6, what is -15214542 - -33?
-15214505
In base 5, what is 340041044043 - 4?
340041044034
In base 11, what is 945799 - -515?
946203
In base 10, what is 3048 + -4323?
-1275
In base 7, what is 5 + 2616400411?
2616400416
In base 7, what is 3226 + 1003341?
1006600
In base 12, what is -2624b973 + 1?
-2624b972
In base 11, what is 349098 - -6?
3490a3
In base 7, what is -1 - 165351123?
-165351124
In base 8, what is 4 + -1437154?
-1437150
In base 15, what is 82e7855 - 1?
82e7854
In base 2, what is -10010010111001111100 - -10100010?
-10010010110111011010
In base 11, what is 2546 - 4174?
-1729
In base 11, what is 5 - -5a9558?
5a9562
In base 9, what is 64084288 - -2?
64084301
In base 9, what is 4467800305 + 5?
4467800311
In base 15, what is 3d7b8e4 - -5?
3d7b8e9
In base 11, what is 28a3 + -1814?
108a
In base 13, what is -4 + -8419444?
-8419448
In base 6, what is 13121 - 41320?
-24155
In base 13, what is -439a6 + 30?
-43976
In base 7, what is -226 - 141034?
-141263
In base 7, what is 3 - 15223404?
-15223401
In base 9, what is 23 - -746212?
746235
In base 12, what is -3154 - -3815b?
35007
In base 16, what is -9 + 65d47d7?
65d47ce
In base 6, what is -134535444 + 255?
-134535145
In base 16, what is 9760 + -195?
95cb
In base 6, what is -21252012 + 22?
-21251550
In base 12, what is -2 + -3967131?
-3967133
In base 16, what is 1105a08 + -9?
11059ff
In base 11, what is 7607a8 + -82?
760726
In base 7, what is 4 + -44012655?
-44012651
In base 10, what is -13254014 - 2?
-13254016
In base 4, what is -10313312 - -13303?
-10300003
In base 9, what is -620 - -130433?
128713
In base 9, what is -12564056 + 1?
-12564055
In base 15, what is -49 + -24382?
-243cb
In base 5, what is 4023240444 + 21?
4023241020
In base 5, what is -31412320 - -3043?
-31404222
In base 2, what is 1101101110 - 11011010110100000?
-11011001000110010
In base 9, what is -71354 - 3?
-71357
In base 15, what is -361 - 56949?
-56caa
In base 12, what is -33a49a2 + -36?
-33a4a18
In base 14, what is -1872b - -1ca?
-18541
In base 13, what is 3 - -57a8356?
57a8359
In base 6, what is 1454055 + -153?
1453502
In base 10, what is 51265813 + 2?
51265815
In base 9, what is 3 - -25551223?
25551226
In base 16, what is 4 - 7c1259?
-7c1255
In base 6, what is 1511023 - 105?
1510514
In base 4, what is 22 - -1020020101?
1020020123
In base 15, what is -1 + 16b8949?
16b8948
In base 12, what is -190198a + 3?
-1901987
In base 12, what is -1 - 22a59983?
-22a59984
In base 15, what is 466c5 + -46?
4667e
In base 4, what is 1001203110 - -2?
1001203112
In base 12, what is -8218278 - -1?
-8218277
In base 11, what is 31 + -2a2447?
-2a2416
In base 5, what is 14243 - -1134423?
1204221
In base 2, what is 10111011100011 + 1001011011?
11000100111110
In base 6, what is -2 - 11413415?
-11413421
In base 12, what is b84 + 50609?
51591
In base 15, what is 4 + 4d5b7b3?
4d5b7b7
In base 15, what is 2073051 + 0?
2073051
In base 10, what is 2397232 + 4?
2397236
In base 6, what is -1504215131 + -11?
-1504215142
In base 16, what is 1f0467 + 5?
1f046c
In base 12, what is 0 + -4673760?
-4673760
In base 7, what is -14 + 3425220500?
3425220453
In base 5, what is -32 - -301033223?
301033141
In base 2, what is 0 + -110000110101010110010?
-110000110101010110010
In base 7, what is 103 - 4131430?
-4131324
In base 10, what is 63764 - -4669?
68433
In base 14, what is -5 - -269c20a?
269c205
In base 12, what is a047 - 1152?
8ab5
In base 3, what is -220020 + -10001121021?
-10002111111
In base 13, what is 1 - -155b941?
155b942
In base 14, what is -12b - -bc976?
bc849
In base 2, what is -101111010101101 + -100100000?
-101111111001101
In base 6, what is -2 + 3524242321?
3524242315
In base 12, what is 85b72a75 + -3?
85b72a72
In base 14, what is -25b651a + 4?
-25b6516
In base 11, what is 4479 + -1a39?
2540
In base 4, what is 3030 + 102212123?
102221213
In base 7, what is 2601 + 26112?
32013
In base 16, what is 1e1 + cb?
2ac
In base 16, what is 6270890b - -4?
6270890f
In base 14, what is -16a05b5 + -5?
-16a05ba
In base 4, what is 0 - -1230110013?
1230110013
In base 8, what is 2254 - -2256?
4532
In base 3, what is -1 - -22022200201120?
22022200201112
In base 11, what is 286 - 4036a?
-40094
In base 7, what is 131103430 + -5?
131103422
In base 4, what is 10330111 + -21001?
10303110
In base 14, what is -a + 1d42306?
1d422da
In base 13, what is -35696 + 11?
-35685
In base 14, what is -9d55 + 72?
-9cc3
In base 13, what is 14038784 - -3?
14038787
In base 12, what is 5 + -745672?
-745669
In base 4, what is -1113133 - -102023?
-1011110
In base 3, what is 12111211 - -20222110012?
21011222000
In base 2, what is 11101101101 + -110100100010100?
-110000110100111
In base 11, what is -474 + -5a426?
-5a89a
In base 10, what is -4084 - -17562?
13478
In base 7, what is 153 - -16343260?
16343443
In base 12, what is -6 + -3b82342?
-3b82348
In base 9, what is 786347 - 22?
786325
In base 6, what is -133 - 13515404?
-13515541
In base 16, what is 17e5b0 - a?
17e5a6
In base 7, what is 5406 + -1265030?
-1256321
In base 6, what is -5553525 + 134?
-5553351
In base 2, what is 101 + -10000111011001110101101?
-10000111011001110101000
In base 6, what is -3211421 - -140?
-3211241
In base 9, what is 4581731 - 6?
4581724
In base 4, what is 1312 - 13331330?
-13330012
In base 6, what is -2202232204 - 2?
-2202232210
In base 16, what is -af30de - 18?
-af30f6
In base 8, what is 1 - -130715065?
130715066
In base 8, what is 4 + 31050760?
31050764
In base 4, what is 2 - 1130020311013?
-1130020311011
In base 14, what is -b82dad + -1c?
-b82dcb
In base 7, what is 1340 + 10115544?
10120214
In base 3, what is 1212021122 + -11000?
1212010122
In base 4, what is 2203031003 + -2002?
2203023001
In base 12, what is 594203 - 6?
5941b9
In base 9, what is -45 - 111536?
-111582
In base 5, what is -11042140 - -24321?
-11012314
In base 5, what is -1011313 + 233001?
-223312
In base 12, what is 5aa5 - -9342?
13227
In base 9, what is -15870267 + 11?
-15870256
In base 13, what is 1823c28 - -3?
1823c2b
In base 8, what is 5 + -672261533?
-672261526
In base 11, what is -10271 - -1121?
-a150
In base 5, what is -204433224 - -1222?
-204432002
In base 13, what is 75 + -2a20b?
-2a166
In base 16, what is 5 - 1388a9?
-1388a4
In base 4, what is 2220331233 + -132?
2220331101
In base 12, what is 512 + -155041?
-15472b
In base 7, what is -141015 + 25?
-140660
In base 2, what is 10001110000000 + -1010100011011100?
-1000010101011100
In base 4, what is -11210003223 - 1?
-11210003230
In base 14, what is 57 + -27249?
-271d2
In base 8, what is 2 + 625154?
625156
In base 12, what is -313658 - -17?
-313641
In base 7, what is -524 - 214320?
-215144
In base 15, what is -3e52e + 1e?
-3e510
In base 13, what is -10b2 + -326?
-1408
In base 3, what is -10001 + -10102010222?
-10102021000
In base 14, what is -3d6bc53 - -4?
-3d6bc4d
In base 6, what is 113344250 + 140?
113344430
In base 8, what is -3166 - -104500?
101312
In base 10, what is -5 + -492226?
-492231
In base 3, what is 10 - 11110100121000021?
-11110100121000011
In base 11, what is 3097a84 + -64?